he remainder when k is divided by l?
5
Suppose 3*m - 95 = 4. Suppose -6*l + 12*l - 306 = 0. Suppose 0*a - 3*a + l = 0. Calculate the remainder when m is divided by a.
16
Let y = -3187 - -3222. What is the remainder when 767 is divided by y?
32
Suppose -50*u + 2215 = -35. Calculate the remainder when 2107 is divided by u.
37
What is the remainder when 1792 is divided by ((-148)/185)/((-32)/11800)?
22
Let t(w) = -125*w - 945. Calculate the remainder when 510 is divided by t(-8).
15
Let z = -35925 + 35990. What is the remainder when 5784 is divided by z?
64
Calculate the remainder when 205 is divided by -8*(2 + 57/(-24))*76/6.
15
Suppose -728*z + 713*z + 570 = 0. What is the remainder when 1609 is divided by z?
13
Let h(s) = -60*s**3 + 4*s + 61*s**3 - 7 + 15*s**2 - 5*s. Let d be h(-15). Suppose 0 = -d*p + 3*p + 395. What is the remainder when p is divided by 27?
25
Suppose -f - 43 = -2*f. Suppose 0 = -2*o + 2*d - 296, 12*d - 8*d - 447 = 3*o. What is the remainder when f is divided by 60/(-390) - (o/(-13))/(-1)?
10
Let y(u) = -u**3 - 3*u**2 - 15*u - 25. Let v be y(-8). Let n = -352 + v. Calculate the remainder when n is divided by 22.
19
Let b(v) = -v**2 + 39*v + 553. What is the remainder when 183 is divided by b(49)?
57
Let q(j) = -7*j**2 - 152*j - 46. What is the remainder when 5839 is divided by q(-21)?
57
Suppose 0 = 21*k - 807 - 751 - 1046. What is the remainder when k is divided by 87?
37
Let a = 17324 + -17277. Calculate the remainder when 1173 is divided by a.
45
Suppose 0 = -4*i + r + 415, -3*i + 3*r + 340 = 8*r. Calculate the remainder when i is divided by (204/3)/4 - -1*1.
15
Suppose 4*w - 5*m + 3*m - 12 = 0, -w - m = 0. Suppose 34 = 5*o + g, -2*o - w*g + g + 13 = 0. Calculate the remainder when 67 is divided by o.
4
Let q = -1629 - -1652. What is the remainder when q is divided by 20?
3
Let j(p) = -p + 21. Let w be j(3). Suppose w = 3*n - 108. Calculate the remainder when n is divided by 11.
9
Let q = 4241 - 4229. What is the remainder when 4342 is divided by q?
10
Suppose t + 1731 = 7*n, 5*n - 6*t + 11*t - 1265 = 0. Calculate the remainder when n is divided by 117.
14
Let p(g) = -g**3 + 12*g**2 - 13*g + 12. Let a be p(11). Calculate the remainder when 107 is divided by (-6)/a*(-4)/(4/(-15)).
8
Let u(x) = -12 - 7*x**2 + 21*x + x**3 - 22 + 1 - 16. Calculate the remainder when 7 is divided by u(5).
1
Let d(v) = v**3 + 5*v**2 + v - 2. Let f be d(-2). Let q(o) = -12 + 2423*o - o**2 - 9 - 4815*o + 2403*o. What is the remainder when 13 is divided by q(f)?
1
Let x(m) = m**2 + 12*m - 6. Suppose -4*o + 11 = -15*n + 14*n, -2*n - 44 = 3*o. Calculate the remainder when x(n) is divided by 13.
10
Suppose 255*y = 248*y + 1477. Let i = y + -194. Calculate the remainder when 133 is divided by i.
14
Let k = -19 - -27. Suppose 0 = 9*c - k*c - 20. Suppose 21*y - 25 = c*y. What is the remainder when 73 is divided by y?
23
Let d = -65 - -68. Suppose 0*l = -3*l + d*c, 0 = 5*l + 5*c. Calculate the remainder when 26 is divided by 3 + l - 18/(-2).
2
Suppose -185 = -7*w - 17. Let f(r) = r**2 - 20*r - 89. Calculate the remainder when 108 is divided by f(w).
3
Suppose 46*c - 50960 = -84*c. What is the remainder when c is divided by 37?
22
Let x = 185 + -172. Calculate the remainder when 127 is divided by x.
10
Let b = 91 + -7. Suppose -4*d + 4*v = -b, 9*d + 11 = 10*d + 4*v. What is the remainder when d is divided by 10?
9
Let m = 276 - 178. Suppose -m = -2*l + 3*x, -2*l - 238 = -7*l + 4*x. Calculate the remainder when 132 is divided by l.
40
Suppose -35*i = -34*i - 70. Let b = 89 - i. What is the remainder when 283 is divided by b?
17
Let a = -550 + 545. Calculate the remainder when a/((-25)/45) + -1 + -1 is divided by 5.
2
Suppose -4*i - 21*x = -16*x - 121, -2*i + 73 = 5*x. Calculate the remainder when 42 is divided by i.
18
Let o = -20350 + 20452. Calculate the remainder when 253 is divided by o.
49
Suppose 0 = -78*y - 381*y + 3518414 + 2012077. What is the remainder when y is divided by 103?
101
Let j(o) be the second derivative of 11*o + 2*o**3 + 0 - 19/2*o**2. What is the remainder when j(5) is divided by 14?
13
Let h be 3 + (-25)/9 + 158/18. Suppose -3 = 3*z - h. Suppose z*i - 7*i = -270. Calculate the remainder when i is divided by 14.
12
Suppose 4*s = -3*v + 19527, 90*s + 19492 = 94*s - 4*v. What is the remainder when s is divided by 66?
60
Let w(j) = -j**2 - 3*j + 52. Let u(h) = h**2 - 19*h + 53. Let m be u(16). What is the remainder when w(m) is divided by 10?
2
Let j = 2 + 0. Suppose 4*o = j*a + 46, -2*a - 3*a - 63 = 3*o. What is the remainder when 20 is divided by 8/(-10) - 177/a?
9
Suppose 515 = 3*p + 5*o - 57, -188 = -p - 3*o. What is the remainder when 13965 is divided by p?
191
Let v(a) = -a**2 + 9*a - 12. Let l be v(8). Suppose -j = 5*m - 49, -4*m + 63 = 2*j - 41. What is the remainder when j is divided by (l/(-6))/(6/63)?
5
Let o be (-43)/(-9) - 4/(-18). Suppose -80 = -3*k - 77. Suppose 29 = 2*y - f, 0 = 4*y - 2*y + o*f + k. What is the remainder when 47 is divided by y?
11
Let k(q) = -30*q - 685. What is the remainder when k(-27) is divided by 11?
4
Let v = 6395 - 6391. Calculate the remainder when 207 is divided by v.
3
Suppose 6*x = 3*x + 216. Let u(s) = -3*s**2 - 134*s - 49. Calculate the remainder when x is divided by u(-44).
33
Let p be (-3)/(-1*3) - 0/5. Let w(o) = -o**2 + 12*o - 12. Calculate the remainder when p*-2 + (-44)/(-1) is divided by w(9).
12
Suppose -5*j + 9*j = 2*i - 6, 3*j - 9 = 0. Suppose -598 = -55*z + i*z. What is the remainder when z is divided by 7?
6
Suppose -22*w = -104 + 16. Calculate the remainder when 45 is divided by w.
1
Suppose -6*p + 3*p + 6 = 0. Let z(v) = 0*v + 2*v + p*v - 3*v + 14*v**3 - 3*v**2 + 1. Calculate the remainder when 51 is divided by z(1).
12
Let q = -769 - -523. Let p = 254 + q. Calculate the remainder when 88 + -2 + -2 + 1 is divided by p.
5
Suppose 3*c = 3*q - 5 - 70, 47 = 2*q - 5*c. Let h = -61 + 172. What is the remainder when h is divided by q?
7
Let s = -59 - -91. Calculate the remainder when s is divided by (-9 + 179)/10 + -6.
10
Let c = 146 - 128. Suppose -4*z = -c*z + 1148. What is the remainder when z is divided by 29?
24
Calculate the remainder when 167 is divided by (-4)/(-6) - (-1825)/675*9.
17
Suppose 2*z - 4*z = 4*v - 112, -320 = -5*z - 2*v. What is the remainder when z is divided by 17?
15
Suppose 14387 = -18*c + 15089. Suppose s + 3*b - 905 = 0, -786 = -s - 5*b + 121. Suppose 4*t - s = -134. What is the remainder when t is divided by c?
36
Suppose -5*g + 6 = -2*g. Suppose -147 = -i - n + g*n, -2*n = 2*i - 274. Calculate the remainder when i is divided by (-12)/((-130)/10 + 175/14).
22
Suppose -5*f + y + 36 = -303, 3*y = 2*f - 133. Suppose -9*a + 91 = -2*a. Let d(k) = 3*k**2 - 39*k + 18. What is the remainder when f is divided by d(a)?
14
What is the remainder when 2009 is divided by (24 + -66)*1*4/(-2)?
77
Let q(i) = -2*i + 35. Let y be q(6). Suppose -6*d + 7*d = y. What is the remainder when 78 is divided by d?
9
Let b = 36543 - 36204. Calculate the remainder when b is divided by 327.
12
Let u(f) = 22*f**2 + 28*f + 124. Calculate the remainder when u(-3) is divided by 34.
0
Suppose 2*a + 24*h - 12262 = 29*h, -4*a + 3*h + 24580 = 0. Calculate the remainder when a is divided by 154.
145
Let m be 2*3/((21/4)/(-7)). Let i = m - -8. Suppose 6*v - 210 - 192 = i. Calculate the remainder when v is divided by 35.
32
Let r = -900 - -916. Let v(h) = -2*h**2 - 17*h + 5. Let q be v(-9). Calculate the remainder when (-6)/(-8) - 293/q is divided by r.
10
Let w = -2504 + 2601. Calculate the remainder when w is divided by 52.
45
Let y be 7118/14 - (-2 + (-90)/(-63)). Suppose -y = -9*k - 374. Calculate the remainder when k is divided by 9.
6
Suppose -4068 = 7*f - 43*f. Calculate the remainder when 559 is divided by f.
107
Let h = -7542 - -7608. What is the remainder when 5015 is divided by h?
65
Calculate the remainder when 35/(-7) + 46 + 1 is divided by (22/6)/(7/21).
9
Suppose d + 7*o - 10*o = 475, -2*d = -2*o - 938. What is the remainder when d is divided by 4?
2
Let y be (56/(-20))/(-1 - (-45)/50). Suppose 0 = -y*d + 24*d + 84. Suppose -3*j + d = -108. What is the remainder when j is divided by 9?
7
Let l be (-238)/(-26) + 19/(741/(-6)). Suppose -5*v + 11 = -l, v - 72 = -2*g. Calculate th